157. What is the units digit of n?
8
Let p(q) be the first derivative of 2*q**3 - q**2 - 10*q - 16. What is the units digit of p(-5)?
0
Let z = 66 + -42. What is the units digit of (z/7)/(6/21)?
2
What is the units digit of (-3)/(-2)*(-11)/(99/(-2670))?
5
Let s(x) = x**3 + 6*x**2 + x + 12. Let b be s(-6). Suppose 0 = -b*u + 7*u - 2. Suppose u*m - 54 = -0*m + 5*z, -2*z + 135 = 5*m. What is the tens digit of m?
2
Suppose -4*v + 0*k = -4*k - 40, 2*v - 20 = -4*k. Suppose 8*j + 52 = v*j. What is the tens digit of j?
2
What is the hundreds digit of -142*(3 + 222)/(-9)?
5
Let d = -55 - -92. Suppose p - q = d + 114, -q - 595 = -4*p. What is the units digit of p?
8
Let g = 891 - 703. What is the hundreds digit of g?
1
Let u(b) = -9. Let s(a) be the first derivative of a**2/2 + 10*a - 5. Let g(d) = 2*s(d) + 3*u(d). What is the units digit of g(7)?
7
Suppose 43 = -5*w + 4*s, 0 = -w - 2*w - 3*s - 42. Let f be w - -4 - -1*2. What is the units digit of f*(0 + 0 + -1)?
5
Suppose -4*p = 3*f + 32, 3*p + 10 = -f - 14. Let w(o) = -o**2 - 8*o + 5. Let s be w(p). Suppose -s = n - 6*n. What is the units digit of n?
1
Let j = -46 - -67. Suppose j*f - 1100 = 16*f. What is the tens digit of f?
2
Suppose -n = 3*u - 326, -626 = -4*n - 4*u + 638. What is the units digit of n?
1
Let q(u) = 168*u**2 - 6*u + 46. What is the hundreds digit of q(3)?
5
Suppose -14*c + 3861 + 1403 = 0. What is the units digit of c?
6
Let a(k) = 6*k**2 + 2*k - 22. What is the hundreds digit of a(6)?
2
Suppose 0 = -5*r + 626 + 804. What is the tens digit of r?
8
Suppose -h + 4*t = -6, 0*h - 3*h + t = -18. Let p(z) = -z**2 + 9*z + 8. What is the tens digit of p(h)?
2
Suppose -24 = -7*q + q. Let c(o) = -o**3 + 5*o**2 - 5*o + 6. Let k be c(q). Suppose -4*n + 2*y = -240, -2*n + 3*n = -k*y + 55. What is the units digit of n?
9
Let z(v) = -2*v + 8. Let q be z(3). Let b(n) = n**2 + n - 4. What is the units digit of b(q)?
2
Let p(r) be the second derivative of -1/20*r**5 + 1/2*r**3 + 3/2*r**2 - 1/3*r**4 + 0 - 11*r. What is the units digit of p(-5)?
3
Suppose 5*h = -2*l - 84, -2*h + 44 = -2*l + 3*h. Let i = 4 - l. Suppose 20 = -3*g - 2*g, -i = -c - 5*g. What is the units digit of c?
6
Suppose 2*m + 0*m = -5*u + 13, -m + 3*u + 1 = 0. Suppose m = -0*k - 4*k + 2*c, 2*k + 5*c - 10 = 0. Let y(p) = 3*p + 35. What is the tens digit of y(k)?
3
Let p = -13 - -16. Let v be 0/4 + p/(-1). Let w(c) = -16*c + 2. What is the units digit of w(v)?
0
Let v be (2/(-6))/((-2)/12). Suppose 0 = j - 4*j - 4*a + 60, v*a = 4*j - 58. Suppose -3*x = -j - 44. What is the units digit of x?
0
Let d = -19 - -22. Suppose j + 2*l - 11 + 3 = 0, -d*j - 9 = -5*l. Suppose m = -2*m - 2*f + 46, -2*m - j*f + 28 = 0. What is the units digit of m?
8
Suppose -3*l - r + 2 = -2, 2*r + 22 = 4*l. Suppose 5*j - 4 = -y + 24, 15 = 5*y. Suppose -24 = -o - l*b, 0 = 3*o + o - j*b - 130. What is the tens digit of o?
3
Let a(j) = -43*j + 1. Let t = -5 + 4. Let l be a(t). Suppose -z = -3*z + l. What is the units digit of z?
2
Suppose 61*x - 56 = 60*x. Suppose 8*s - 4*s - x = 0. What is the units digit of s?
4
Suppose -3*h + 143 - 776 = -3*d, 4*d + h = 859. Let i be (12 + -13)/(1/d). What is the tens digit of i/(-14) + (-14)/49?
1
Suppose -3*y + 2*m + 5082 = 0, 6769 = 7*y - 3*y - 5*m. What is the thousands digit of y?
1
Let l(b) = -4*b + 3. Suppose -8 - 6 = -s. Let c be (-108)/s + (-16)/56. What is the units digit of l(c)?
5
Let h be (12/(-3))/((-4)/186). Let i = h - 268. What is the tens digit of (-38)/95 + i/(-5)?
1
What is the units digit of 1*(2 + 1385) + -8?
9
Suppose -3*u - x = -4459, 5*x - 317 = -u + 1188. What is the units digit of u?
5
Suppose -24 = -5*c - 24. Let p(d) = -d + 3. Let u be p(-3). Suppose 2*t - 30 + u = c. What is the tens digit of t?
1
Let d = -19 - -42. Suppose -d*r + 9 = -22*r. Let s = -6 + r. What is the units digit of s?
3
Let x = -29 + 39. What is the hundreds digit of 2/x - (-11088)/35?
3
Let n(l) be the third derivative of l**6/120 - l**5/60 - l**4/12 - 3*l**3/2 + 5*l**2. What is the units digit of n(5)?
1
Let o(r) = r**2 - 7*r + 8. Let x be o(6). What is the units digit of x*(-3)/6*(-317 + 0)?
7
Suppose 2*l + 8 = 3*n, -1 = -n + 2*l - 3*l. What is the units digit of ((-16)/n)/((-6)/36)?
8
What is the units digit of 258/4*82/123?
3
Let k(i) = 4*i - 23. Let z(d) = -d**3 - 7*d**2 - 8*d - 5. Let c be z(-6). Let b be k(c). Suppose -b*f = -a - 88, -4 = -2*a - 0. What is the units digit of f?
8
Suppose -2*c + 3 + 15 = 0. Suppose c = 2*l - w, 0 = -2*l + 3*w - 8*w + 3. Suppose -h - 4*z + 34 = 0, -98 = -4*h + l*z + 58. What is the units digit of h?
8
What is the tens digit of -1 + 2 - (1190 + -5)*-1?
8
Suppose 0 = 5*k - 4*m - 50, -2*k + 20 = m - 13. What is the tens digit of -63*(-12)/k*1?
5
Let i(n) = 2*n**2 - 11*n - 5. Let f(t) = -2*t**2 + 10*t + 4. Let c(x) = -5*f(x) - 6*i(x). What is the units digit of c(7)?
4
Let d(n) = 14*n**2 + 6*n - 13. Let y be d(4). Let r = -120 + y. What is the tens digit of r?
1
Suppose 2*f + 2*k - 1140 = 1772, -4*k = 5*f - 7276. What is the tens digit of f?
5
Suppose -3*o = -6*o + 2*k + 1672, -4*o + 2*k + 2232 = 0. What is the units digit of o?
0
Let l(b) be the second derivative of -b**3/2 - 9*b**2/2 - 4*b. Let w be l(-12). Suppose 3*z - w - 3 = -3*v, -2*v + 5*z = -27. What is the tens digit of v?
1
What is the thousands digit of (933/(-4))/(36/(-768))?
4
What is the hundreds digit of 2 + (-2678)/(-10) - 1/(-5)?
2
Let y = -70 + 124. Let s be 199 + -5 - (-4)/(-4) - 5. Suppose -h = -w + h + y, s = 4*w - h. What is the tens digit of w?
4
Let c(r) = 2*r**2 + 5*r + 36. What is the hundreds digit of c(-8)?
1
Let c(p) = 281*p**2 - 5*p + 6. What is the tens digit of c(-3)?
5
Suppose -d - a + 305 = 4*d, -d + a + 61 = 0. Suppose 4*j - d = 107. Suppose n = 5*s + 14, -2*s = -3*n + 3*s + j. What is the tens digit of n?
1
Let i(u) = u**3 - 11*u**2 - 11*u + 5. Let c be i(12). Suppose 5*v = 4*g + 22, -2*v + 5*g = -v - c. What is the tens digit of 970/40 - v/8?
2
Let y(z) = -z**2 - 2*z - 4. Let m be y(-3). Let d(l) = -13*l + 11. Let n be d(m). Suppose 7*r + n = 9*r. What is the tens digit of r?
5
Suppose -3*l = -2*z - 7162, 0*l + 7182 = 3*l + 3*z. What is the units digit of l?
0
Suppose 1113 = -10*c + 5593. Suppose -61 + 273 = o - 4*r, 0 = 2*o + 4*r - c. What is the units digit of o?
0
Let k = 110 + -106. Let s = 2 + 6. Suppose 2*q - 21 = -3*p, -3*q = -s*q - k*p + 63. What is the tens digit of q?
1
Suppose 0 = 13*d - 4731 - 2484. What is the tens digit of d*((-39)/(-63) - 4/14)?
8
Suppose 4*v - 876 = -8*v. Suppose 0 = 5*x - 4*a - 359, x + 4 - v = -2*a. What is the units digit of x?
1
Suppose -10*y = -28487 - 18553. What is the units digit of y?
4
Let h be (-610)/(-50)*(0 - -5). Suppose 5*s = 5*v + 175, -2*s + h - 3 = -5*v. What is the units digit of (s/(-26))/((-6)/20)?
5
Let l be (8/(-6))/((-16)/12). Suppose -4*j + 7 + l = -4*y, 16 = 4*j. Suppose -i + 75 = y*i + 3*x, i - x = 19. What is the tens digit of i?
2
Suppose -2 = 3*l - f, 0 = -5*l + 4*f - 1. What is the tens digit of (-27)/l*((-64)/(-12) + 0)?
4
Let l(x) = -7*x + 270. Let y be l(32). Let m = 33 + -59. Let w = m + y. What is the tens digit of w?
2
Suppose -3*o + 320 = -5*p, -2*p - 3*o + 46 = 174. Let s = -85 - -58. Let m = s - p. What is the units digit of m?
7
Let g(w) be the second derivative of w**5/20 - w**4/6 + 5*w**3/6 + w**2 - 2*w. What is the units digit of g(4)?
4
Let w = 44 + -39. Suppose -i + 15 = -4*y, w*y + 0 = i - 10. What is the units digit of i?
5
Let n(t) = -t**2 - 56*t + 178. What is the units digit of n(0)?
8
Suppose 43*c - 6072 = 35*c. What is the hundreds digit of c?
7
Let f(x) = 4*x + 36. Let u be f(5). What is the units digit of ((-126)/u)/((-3)/104)?
8
Let y(r) = r - 12. Suppose 5 + 4 = f. Let k be y(f). Let n(a) = a**2 - 2*a - 2. What is the units digit of n(k)?
3
Suppose 0 = -4*m - 5*x + 22, -8*m + 48 = -3*m - 4*x. Let c be (12/m)/(2/4). Suppose -w = -c*w + 54. What is the tens digit of w?
2
Let p be ((-33)/(-66))/(2/20). Suppose 4*f + p*g = 721, 0*f = 2*f - g - 371. What is the units digit of f?
4
Suppose 17*j - 21*j = -652. What is the tens digit of j?
6
What is the hundreds digit of ((-40)/6)/((-45)/2025)?
3
Let d = -1698 - -3380. What is the thousands digit of d?
1
Let h = 2 + -1. Suppose 0 = v + h - 162. What is the hundreds digit o